= 181 + h. What is the remainder when q is divided by 13?
10
Let q = -216 - -223. Let r(b) = 3*b**2 - 2. Calculate the remainder when r(3) is divided by q.
4
Let w(g) = -g + 2. Let l be w(-3). Suppose 0 = -2*z - 3*z - 60. Calculate the remainder when 5 is divided by -5*(2 + z/l).
1
What is the remainder when 6/3*(-140)/(-8) is divided by 12?
11
Suppose -3*x + 3*l + 234 = 0, -x + 240 = 2*x - 5*l. Calculate the remainder when x is divided by 6.
3
Suppose -13*l - 68 = -17*l. What is the remainder when 49 is divided by l?
15
Let d = 6 + 5. What is the remainder when 40 is divided by d?
7
Suppose -b - 54 + 296 = -3*m, m = 3*b - 694. What is the remainder when b is divided by 58?
56
Suppose 4*n - 19 = 49. Let q(g) = -3*g + 23. What is the remainder when q(-9) is divided by n?
16
Let x be -4*(-2 - -3) - 2. Let s = x + 73. Calculate the remainder when s is divided by 17.
16
Let o(k) = -k**2 + 8*k + 22. What is the remainder when 23 is divided by o(9)?
10
Suppose 2 = -5*k - 3. Let m be k*1*32/2. Let o = m + 32. Calculate the remainder when o is divided by 9.
7
Let q(f) = f**2 + 5*f - 10. Let c be q(-8). Let x = c + 2. What is the remainder when 61 is divided by x?
13
Let h(l) = 66*l**2 - 3*l. Let x(s) = 3*s - 2. What is the remainder when h(1) is divided by x(6)?
15
Suppose -4 = 3*x - 4*x. Suppose 142 - 30 = x*k. What is the remainder when k is divided by 10?
8
Let w(s) = -s. Let u be w(-5). Suppose -3*n - 32 = -2*h + 5, -3*h = u*n - 103. What is the remainder when h is divided by 14?
12
Let s = 0 - -1. Let l = 34 - s. What is the remainder when l is divided by 17?
16
Let v = -51 - -95. Calculate the remainder when v is divided by 12.
8
Let m be (-22)/4*(-2 + -4). Suppose 2*h - m = 3. What is the remainder when 71 is divided by h?
17
What is the remainder when ((-3)/2)/(9/(-420)) is divided by ((-2)/(-4))/((-12)/(-432))?
16
Let c(p) = 2*p**3 - 4*p**2 + 3. Let h be c(3). Suppose 3*q = -w + 42, -35 - h = -4*q + 2*w. What is the remainder when 40 is divided by q?
12
Let n(l) = l**3 + 4*l**2 - 4*l + 4. Let j(g) = -g**2 - 29*g - 23. Calculate the remainder when j(-25) is divided by n(-4).
17
Suppose -14*w - 50 = -15*w. Suppose 4*n - 47 - 5 = 0. What is the remainder when w is divided by n?
11
What is the remainder when (-1 + -59)*2/(-5) is divided by 14?
10
Let y = -4 + 18. Suppose 2*t - y = -2*v + 3*t, -26 = -3*v - t. What is the remainder when v is divided by 2?
0
Suppose 0*d = d - 5. What is the remainder when 13 is divided by d?
3
Let q(u) = -u - 34. Let a be q(0). Suppose 0 = -4*r - 0*r + 12. What is the remainder when 17 is divided by -3 + (2 - a)/r?
8
Let t(y) be the first derivative of -y**3/3 - 11*y**2/2 + 9*y + 1. Let f = -27 + 17. Calculate the remainder when t(f) is divided by 11.
8
Calculate the remainder when (-3)/21 - (-5150)/35 is divided by 25.
22
Suppose 3*x = -2*x + 85. Suppose -9*k + 8 = -5*k. Suppose -2*c = -5*j + 19, k*j - 7 - 9 = -2*c. Calculate the remainder when x is divided by j.
2
Let a = -1 - -7. Suppose -5*v - 18 = -2*k - 127, -4*k + 127 = 5*v. Calculate the remainder when v is divided by a.
5
Suppose 2*m + 3*f = 51, -m - 74 = -4*m - 4*f. Suppose 2*b + b - m = 0. What is the remainder when 9 is divided by b?
3
Let j(r) = 14*r**3 + 10*r**2 + 15*r + 18. Let u(a) = -5*a**3 - 3*a**2 - 5*a - 6. Let y(v) = 4*j(v) + 11*u(v). What is the remainder when y(-5) is divided by 11?
9
Let u be (-18)/4*(-24)/(-36). Let b = 23 + u. What is the remainder when 79 is divided by b?
19
What is the remainder when (-2)/7 - (-51)/7 is divided by 2?
1
Let o(y) = -y**2 + 10*y + 13. Calculate the remainder when o(10) is divided by 5.
3
Let o(v) = v**3 + 4*v**2 - 6*v - 3. What is the remainder when 106/16 - (-18)/48 is divided by o(-5)?
1
Suppose -v + 0*j = -j - 37, 4 = -2*j. Suppose 3*q = v + 22. Suppose 0 = f - 2*f - 5*d + 51, -5*f + 4*d = -168. Calculate the remainder when f is divided by q.
17
What is the remainder when (-4)/(-2) + (-58)/(-2) is divided by 11?
9
Suppose 7*q = -5*q + 1020. Calculate the remainder when q is divided by 43.
42
Let k be 2/(-10) - 2564/(-20). Suppose 0 = -3*d + 2*w + 42 + 77, -4*d + k = 5*w. Calculate the remainder when d is divided by 10.
7
Calculate the remainder when 38 is divided by (-6)/(-18) - (-41)/3.
10
Let n = 22 - 38. Let d = n + 27. What is the remainder when ((-19)/(-1) - -2) + 0 is divided by d?
10
Suppose -3*m - 8 = -7*m. Suppose -5*l + m = -188. What is the remainder when l is divided by 10?
8
Suppose 5*v = 7*v - 18. Let a be ((-2)/(-6))/((-2)/(-18)). Suppose -k + 68 = a*k. Calculate the remainder when k is divided by v.
8
What is the remainder when 66 is divided by (0 - -1)/(11/187)?
15
Suppose -44 = 6*p - 638. Calculate the remainder when p is divided by 17.
14
Let n(c) = -c**2 - 11*c - 5. Calculate the remainder when 12 is divided by n(-10).
2
Let i(y) = -y**2 + 10*y + 6. Calculate the remainder when 52 is divided by i(10).
4
Let i(a) be the second derivative of -2*a**3/3 - 6*a**2 - 4*a. Let b = 25 - 16. What is the remainder when i(-9) is divided by b?
6
Let m = 13 - 9. Suppose -3*n + 4*f + 22 = 0, -4*n - 4 = -0*n + 3*f. Suppose -n*c - 17 = -5*c + 2*u, -c = u - m. What is the remainder when 7 is divided by c?
2
Let m(p) = 7*p**3 - 3*p**2 + 4*p - 2. Let c be m(3). Let s = c + -85. What is the remainder when s is divided by 22?
21
Suppose 5 = -r - 2*o, 3*r + 2*o = -2 + 3. Suppose 0 = 2*z - 4*w - 8, 4*w - 10 = -2*z + z. What is the remainder when r is divided by (z/(-10))/((-1)/5)?
0
Suppose 2*d - 76 = 5*i, d - i - 5 = 27. Calculate the remainder when 81 is divided by d.
25
Suppose 0 = -0*p + 2*p - 60. Suppose -p = -v + 2*n, -149 - 19 = -5*v + n. Calculate the remainder when v is divided by 18.
16
Suppose 5*w + 3*b = 162, -2*b + 14 = w - 6*b. What is the remainder when 115 is divided by w?
25
Suppose 5*k - 111 = h, -9 = 3*k - h - 76. Let d = 48 - k. Let t = d + 14. What is the remainder when t is divided by 14?
12
Suppose 0 = -2*i - i + 204. Suppose -5*v + v = -i. Calculate the remainder when v is divided by 10.
7
Let z = 29 + 6. What is the remainder when z is divided by 12?
11
Let p = 87 + -81. What is the remainder when p is divided by 4?
2
Suppose 14 = -23*o + 24*o. What is the remainder when 52 is divided by o?
10
Let m be (3 - 4) + (-4)/(-1). Suppose -3*s - 2*q + 122 = 0, -m*s + 3*q = 6*q - 120. What is the remainder when s is divided by 15?
12
Let d(y) = -3 + 6 - 5*y + 3*y. What is the remainder when 25 is divided by d(-3)?
7
Let g(r) = -r - 3. Let i be g(-3). Suppose -3*z - 6 = i, 3*l + 6*z = 2*z + 76. What is the remainder when l is divided by (-6)/(-10)*-1*-25?
13
Let r = -78 + 163. What is the remainder when r is divided by 23?
16
Let v = -7 + -1. Let x(j) = j**3 + 9*j**2 + 5*j - 7. Calculate the remainder when x(v) is divided by (-19)/(-2) - 4/(-8).
7
Let h(n) = n**2 + 4*n + 6. What is the remainder when 8 is divided by h(-3)?
2
Suppose -2*p + 3*p = 3*l + 5, -5*p + 2*l + 51 = 0. What is the remainder when p is divided by 6?
5
Let z(n) = -n**3 - 5*n**2 + 6*n + 7. Let v(d) = d**3 - d**2 + 2. Calculate the remainder when z(-6) is divided by v(0).
1
Suppose -20 + 15 = -b. Calculate the remainder when b is divided by 3.
2
Suppose -2*i + 2 + 1 = 5*z, -21 = -4*i + 5*z. Suppose -p + 22 = -2*s + 3*p, -i*s - p - 62 = 0. What is the remainder when 15/(-9)*s - 1 is divided by 13?
11
Let d = -25 - -185. Let j = d + -108. What is the remainder when j is divided by 18?
16
What is the remainder when (7/4)/((-5)/(-140)) is divided by 17?
15
Suppose -23 = 4*q + 1. Let y(n) = n**2 - 3*n - 2. Calculate the remainder when y(q) is divided by 18.
16
Suppose -2*t + 3*n + 78 = 0, -3*t = 2*n + 2*n - 83. Calculate the remainder when t is divided by 18.
15
Let i(r) = r**2 - r + 17. Let v(l) = l**2 - 2*l + 1. What is the remainder when i(0) is divided by v(4)?
8
Suppose 0 = 3*u - 4*u - 3*m + 51, -u = -m - 63. Suppose 4*y + 4*v = u, 4*y + 3*v = -0*v + 60. What is the remainder when 29 is divided by 0 + y*(-6)/(-9)?
9
Suppose g - 29 = z, 4*g + 3*z - 87 = 29. What is the remainder when g is divided by 6?
5
Let s(f) = 6*f + 10 - 4*f + 6*f + f**2. Calculate the remainder when s(-8) is divided by 6.
4
Suppose -54 = -3*o + 4*s, s = -3*s. What is the remainder when o is divided by (-10)/3*11/((-44)/6)?
3
Calculate the remainder w